{"id":110,"date":"2025-03-17T14:10:44","date_gmt":"2025-03-17T14:10:44","guid":{"rendered":"https:\/\/prologis.rs\/?page_id=110"},"modified":"2025-11-15T10:34:55","modified_gmt":"2025-11-15T10:34:55","slug":"ekspresne-posiljke","status":"publish","type":"page","link":"https:\/\/prologis.rs\/index.php\/ekspresne-posiljke\/","title":{"rendered":"Ekspresne Po\u0161iljke"},"content":{"rendered":"<p>[et_pb_section fb_built=&#8221;1&#8243; fullwidth=&#8221;on&#8221; _builder_version=&#8221;4.27.4&#8243; _module_preset=&#8221;default&#8221; global_colors_info=&#8221;{}&#8221;][et_pb_fullwidth_header title=&#8221;Ekspresne po\u0161iljke&#8221; header_fullscreen=&#8221;on&#8221; header_scroll_down=&#8221;on&#8221; scroll_down_icon=&#8221;%%3%%&#8221; background_overlay_color=&#8221;RGBA(255,255,255,0)&#8221; content_orientation=&#8221;bottom&#8221; _builder_version=&#8221;4.27.4&#8243; _module_preset=&#8221;default&#8221; title_font_size=&#8221;1.5rem&#8221; subhead_font=&#8221;|||on|||||&#8221; subhead_text_color=&#8221;gcid-cfd8b49e-25ab-4d84-bf79-2131131f494f&#8221; subhead_font_size=&#8221;2.5rem&#8221; subhead_line_height=&#8221;1.2em&#8221; background_image=&#8221;https:\/\/prologis.rs\/wp-content\/uploads\/2025\/06\/postexpress-1.png&#8221; parallax=&#8221;on&#8221; custom_margin=&#8221;|||0px|false|false&#8221; global_colors_info=&#8221;{%22gcid-cfd8b49e-25ab-4d84-bf79-2131131f494f%22:%91%22subhead_text_color%22%93}&#8221;][\/et_pb_fullwidth_header][\/et_pb_section][et_pb_section fb_built=&#8221;1&#8243; _builder_version=&#8221;4.27.4&#8243; _module_preset=&#8221;default&#8221; global_colors_info=&#8221;{}&#8221;][et_pb_row _builder_version=&#8221;4.27.4&#8243; _module_preset=&#8221;default&#8221; global_colors_info=&#8221;{}&#8221;][et_pb_column type=&#8221;4_4&#8243; _builder_version=&#8221;4.27.4&#8243; _module_preset=&#8221;default&#8221; global_colors_info=&#8221;{}&#8221;][et_pb_text _builder_version=&#8221;4.27.4&#8243; _module_preset=&#8221;default&#8221; text_font=&#8221;&#8211;et_global_heading_font||||||||&#8221; text_font_size=&#8221;1rem&#8221; text_orientation=&#8221;justified&#8221; global_colors_info=&#8221;{}&#8221;]<\/p>\n<div>\n<p style=\"font-weight: 400;\">E-commerce je delatnost koja predstavlja budu\u0107nost logisti\u010dkih kompanija. Prilago\u0111avaju\u0107i se potrebama ovog zahtevnog tr\u017ei\u0161ta, od kraja 2024.godine postali smo licencirani po\u0161tanski operator za ekspresne po\u0161iljke. Posedujemo izdvojeni carinski magacin i odobrenje za pojednostavljen postupak carinjenja po\u0161tanskih po\u0161iljki u toku kojeg se prispeli paketi kontroli\u0161u, carine, sortiraju, deklari\u0161u i prepremaju za dostavu ekspresnim kuririma u roku od nekoliko \u010dasova. Bez obzira da li ste bazirani na B2B ili B2C modelu poslovanja, predstavljamo pouzdanog partnera u pru\u017eanju logisti\u010dkih usluga za najekpeditivniju realizaciju on-line trgovine. Budite ispred konkurencije i omogu\u0107ite va\u0161em paketu da u rekordnom roku stigne do krajnjih kupaca sa bilo koje ta\u010dke na planeti. Ekspresni tretman za va\u0161e ekspresne pakete \u2013 PROLOGIS.<\/p>\n<\/div>\n<div><\/div>\n<p>[\/et_pb_text][\/et_pb_column][\/et_pb_row][\/et_pb_section]<\/p>\n","protected":false},"excerpt":{"rendered":"<p>E-commerce je delatnost koja predstavlja budu\u0107nost logisti\u010dkih kompanija. Prilago\u0111avaju\u0107i se potrebama ovog zahtevnog tr\u017ei\u0161ta, od kraja 2024.godine postali smo licencirani po\u0161tanski operator za ekspresne po\u0161iljke. Posedujemo izdvojeni carinski magacin i odobrenje za pojednostavljen postupak carinjenja po\u0161tanskih po\u0161iljki u toku kojeg se prispeli paketi kontroli\u0161u, carine, sortiraju, deklari\u0161u i prepremaju za dostavu ekspresnim kuririma u roku [&hellip;]<\/p>\n","protected":false},"author":1,"featured_media":0,"parent":0,"menu_order":0,"comment_status":"closed","ping_status":"closed","template":"","meta":{"_et_pb_use_builder":"on","_et_pb_old_content":"<!-- wp:divi\/placeholder \/-->","_et_gb_content_width":"","footnotes":""},"class_list":["post-110","page","type-page","status-publish","hentry"],"_links":{"self":[{"href":"https:\/\/prologis.rs\/index.php\/wp-json\/wp\/v2\/pages\/110","targetHints":{"allow":["GET"]}}],"collection":[{"href":"https:\/\/prologis.rs\/index.php\/wp-json\/wp\/v2\/pages"}],"about":[{"href":"https:\/\/prologis.rs\/index.php\/wp-json\/wp\/v2\/types\/page"}],"author":[{"embeddable":true,"href":"https:\/\/prologis.rs\/index.php\/wp-json\/wp\/v2\/users\/1"}],"replies":[{"embeddable":true,"href":"https:\/\/prologis.rs\/index.php\/wp-json\/wp\/v2\/comments?post=110"}],"version-history":[{"count":14,"href":"https:\/\/prologis.rs\/index.php\/wp-json\/wp\/v2\/pages\/110\/revisions"}],"predecessor-version":[{"id":890,"href":"https:\/\/prologis.rs\/index.php\/wp-json\/wp\/v2\/pages\/110\/revisions\/890"}],"wp:attachment":[{"href":"https:\/\/prologis.rs\/index.php\/wp-json\/wp\/v2\/media?parent=110"}],"curies":[{"name":"wp","href":"https:\/\/api.w.org\/{rel}","templated":true}]}}