{"id":251,"date":"2025-04-01T15:38:09","date_gmt":"2025-04-01T15:38:09","guid":{"rendered":"https:\/\/prologis.rs\/?page_id=251"},"modified":"2025-06-20T02:20:06","modified_gmt":"2025-06-20T02:20:06","slug":"zatrazi-ponudu","status":"publish","type":"page","link":"https:\/\/prologis.rs\/index.php\/zatrazi-ponudu\/","title":{"rendered":"Zatra\u017ei ponudu"},"content":{"rendered":"<p>[et_pb_section fb_built=&#8221;1&#8243; _builder_version=&#8221;4.27.4&#8243; _module_preset=&#8221;default&#8221; global_colors_info=&#8221;{}&#8221;][et_pb_row _builder_version=&#8221;4.27.4&#8243; _module_preset=&#8221;default&#8221; custom_margin=&#8221;|auto|22px|auto||&#8221; global_colors_info=&#8221;{}&#8221;][et_pb_column type=&#8221;4_4&#8243; _builder_version=&#8221;4.27.4&#8243; _module_preset=&#8221;default&#8221; global_colors_info=&#8221;{}&#8221;][et_pb_text _builder_version=&#8221;4.27.4&#8243; _module_preset=&#8221;default&#8221; header_text_align=&#8221;center&#8221; header_font_size=&#8221;2rem&#8221; header_line_height=&#8221;1.3em&#8221; global_colors_info=&#8221;{}&#8221;]<\/p>\n<h1>Spremni ste za logisti\u010dki napredak? Zatra\u017eite ponudu i otkrijte re\u0161enja prilago\u0111ena va\u0161im potrebama u transportu, \u0161pediciji, skladi\u0161tenju i po\u0161tanskim uslugama.<\/h1>\n<p>[\/et_pb_text][\/et_pb_column][\/et_pb_row][et_pb_row column_structure=&#8221;1_2,1_2&#8243; _builder_version=&#8221;4.27.4&#8243; _module_preset=&#8221;default&#8221; custom_margin=&#8221;|auto|22px|auto||&#8221; global_colors_info=&#8221;{}&#8221;][et_pb_column type=&#8221;1_2&#8243; _builder_version=&#8221;4.27.4&#8243; _module_preset=&#8221;default&#8221; global_colors_info=&#8221;{}&#8221;][et_pb_blurb title=&#8221;Transport&#8221; url=&#8221;mailto:transport@prologis.rs&#8221; use_icon=&#8221;on&#8221; font_icon=&#8221;&#xf674;||fa||900&#8243; icon_placement=&#8221;left&#8221; image_icon_width=&#8221;110px&#8221; _builder_version=&#8221;4.27.4&#8243; _module_preset=&#8221;default&#8221; header_font_size=&#8221;2rem&#8221; header_line_height=&#8221;2.4em&#8221; hover_enabled=&#8221;0&#8243; global_colors_info=&#8221;{%22gcid-0b6b4fe3-585f-4ce1-9b38-a23b822bbe19%22:%91%22icon_color__hover%22%93}&#8221; icon_color_last_edited=&#8221;off|desktop&#8221; icon_color__hover_enabled=&#8221;on|hover&#8221; sticky_enabled=&#8221;0&#8243; icon_color__hover=&#8221;gcid-0b6b4fe3-585f-4ce1-9b38-a23b822bbe19&#8243;][\/et_pb_blurb][\/et_pb_column][et_pb_column type=&#8221;1_2&#8243; _builder_version=&#8221;4.27.4&#8243; _module_preset=&#8221;default&#8221; global_colors_info=&#8221;{}&#8221;][et_pb_blurb title=&#8221;\u0160pedicija&#8221; url=&#8221;mailto:spedicija@prologis.rs&#8221; use_icon=&#8221;on&#8221; font_icon=&#8221;&#xf674;||fa||900&#8243; icon_placement=&#8221;left&#8221; image_icon_width=&#8221;110px&#8221; _builder_version=&#8221;4.27.4&#8243; _module_preset=&#8221;default&#8221; header_font_size=&#8221;2rem&#8221; header_line_height=&#8221;2.4em&#8221; hover_enabled=&#8221;0&#8243; global_colors_info=&#8221;{%22gcid-0b6b4fe3-585f-4ce1-9b38-a23b822bbe19%22:%91%22icon_color__hover%22%93}&#8221; icon_color__hover_enabled=&#8221;on|hover&#8221; sticky_enabled=&#8221;0&#8243; icon_color__hover=&#8221;gcid-0b6b4fe3-585f-4ce1-9b38-a23b822bbe19&#8243;][\/et_pb_blurb][\/et_pb_column][\/et_pb_row][et_pb_row column_structure=&#8221;1_2,1_2&#8243; _builder_version=&#8221;4.27.4&#8243; _module_preset=&#8221;default&#8221; global_colors_info=&#8221;{}&#8221;][et_pb_column type=&#8221;1_2&#8243; _builder_version=&#8221;4.27.4&#8243; _module_preset=&#8221;default&#8221; global_colors_info=&#8221;{}&#8221;][et_pb_blurb title=&#8221;Skladi\u0161tenje&#8221; url=&#8221;mailto:skladiste@prologis.rs&#8221; use_icon=&#8221;on&#8221; font_icon=&#8221;&#xf674;||fa||900&#8243; icon_placement=&#8221;left&#8221; image_icon_width=&#8221;110px&#8221; _builder_version=&#8221;4.27.4&#8243; _module_preset=&#8221;default&#8221; header_font_size=&#8221;2rem&#8221; header_line_height=&#8221;2.4em&#8221; hover_enabled=&#8221;0&#8243; global_colors_info=&#8221;{%22gcid-0b6b4fe3-585f-4ce1-9b38-a23b822bbe19%22:%91%22icon_color__hover%22%93}&#8221; icon_color__hover_enabled=&#8221;on|hover&#8221; sticky_enabled=&#8221;0&#8243; icon_color__hover=&#8221;gcid-0b6b4fe3-585f-4ce1-9b38-a23b822bbe19&#8243;][\/et_pb_blurb][\/et_pb_column][et_pb_column type=&#8221;1_2&#8243; _builder_version=&#8221;4.27.4&#8243; _module_preset=&#8221;default&#8221; global_colors_info=&#8221;{}&#8221;][et_pb_blurb title=&#8221;Po\u0161tanske usluge&#8221; url=&#8221;mailto:ep@prologis.rs&#8221; use_icon=&#8221;on&#8221; font_icon=&#8221;&#xf674;||fa||900&#8243; icon_placement=&#8221;left&#8221; image_icon_width=&#8221;110px&#8221; _builder_version=&#8221;4.27.4&#8243; _module_preset=&#8221;default&#8221; header_font_size=&#8221;2rem&#8221; header_line_height=&#8221;2.4em&#8221; hover_enabled=&#8221;0&#8243; global_colors_info=&#8221;{%22gcid-0b6b4fe3-585f-4ce1-9b38-a23b822bbe19%22:%91%22icon_color__hover%22%93}&#8221; icon_color__hover_enabled=&#8221;on|hover&#8221; sticky_enabled=&#8221;0&#8243; icon_color__hover=&#8221;gcid-0b6b4fe3-585f-4ce1-9b38-a23b822bbe19&#8243;][\/et_pb_blurb][\/et_pb_column][\/et_pb_row][\/et_pb_section]<\/p>\n","protected":false},"excerpt":{"rendered":"<p>Spremni ste za logisti\u010dki napredak? Zatra\u017eite ponudu i otkrijte re\u0161enja prilago\u0111ena va\u0161im potrebama u transportu, \u0161pediciji, skladi\u0161tenju i po\u0161tanskim uslugama.<\/p>\n","protected":false},"author":1,"featured_media":0,"parent":0,"menu_order":0,"comment_status":"closed","ping_status":"closed","template":"","meta":{"_et_pb_use_builder":"on","_et_pb_old_content":"","_et_gb_content_width":"","footnotes":""},"class_list":["post-251","page","type-page","status-publish","hentry"],"_links":{"self":[{"href":"https:\/\/prologis.rs\/index.php\/wp-json\/wp\/v2\/pages\/251","targetHints":{"allow":["GET"]}}],"collection":[{"href":"https:\/\/prologis.rs\/index.php\/wp-json\/wp\/v2\/pages"}],"about":[{"href":"https:\/\/prologis.rs\/index.php\/wp-json\/wp\/v2\/types\/page"}],"author":[{"embeddable":true,"href":"https:\/\/prologis.rs\/index.php\/wp-json\/wp\/v2\/users\/1"}],"replies":[{"embeddable":true,"href":"https:\/\/prologis.rs\/index.php\/wp-json\/wp\/v2\/comments?post=251"}],"version-history":[{"count":9,"href":"https:\/\/prologis.rs\/index.php\/wp-json\/wp\/v2\/pages\/251\/revisions"}],"predecessor-version":[{"id":614,"href":"https:\/\/prologis.rs\/index.php\/wp-json\/wp\/v2\/pages\/251\/revisions\/614"}],"wp:attachment":[{"href":"https:\/\/prologis.rs\/index.php\/wp-json\/wp\/v2\/media?parent=251"}],"curies":[{"name":"wp","href":"https:\/\/api.w.org\/{rel}","templated":true}]}}