{"id":743,"date":"2025-06-25T11:36:19","date_gmt":"2025-06-25T11:36:19","guid":{"rendered":"https:\/\/prologis.rs\/?page_id=743"},"modified":"2025-06-25T11:39:01","modified_gmt":"2025-06-25T11:39:01","slug":"tanacsadas","status":"publish","type":"page","link":"https:\/\/prologis.rs\/index.php\/hu\/tanacsadas\/","title":{"rendered":"Tan\u00e1csad\u00e1s"},"content":{"rendered":"<p>[et_pb_section fb_built=&#8221;1&#8243; fullwidth=&#8221;on&#8221; _builder_version=&#8221;4.27.4&#8243; _module_preset=&#8221;default&#8221; global_colors_info=&#8221;{}&#8221; theme_builder_area=&#8221;post_content&#8221;][et_pb_fullwidth_header title=&#8221;Tan\u00e1csad\u00e1s&#8221; header_fullscreen=&#8221;on&#8221; header_scroll_down=&#8221;on&#8221; scroll_down_icon=&#8221;%%3%%&#8221; background_overlay_color=&#8221;RGBA(255,255,255,0)&#8221; content_orientation=&#8221;bottom&#8221; _builder_version=&#8221;4.27.4&#8243; _module_preset=&#8221;default&#8221; title_font_size=&#8221;1.5rem&#8221; title_line_height=&#8221;2.2em&#8221; subhead_font=&#8221;|||on|||||&#8221; subhead_text_color=&#8221;gcid-cfd8b49e-25ab-4d84-bf79-2131131f494f&#8221; subhead_font_size=&#8221;2.5rem&#8221; subhead_line_height=&#8221;1.2em&#8221; background_image=&#8221;https:\/\/prologis.rs\/wp-content\/uploads\/2025\/06\/consulting.png&#8221; global_colors_info=&#8221;{%22gcid-cfd8b49e-25ab-4d84-bf79-2131131f494f%22:%91%22subhead_text_color%22%93}&#8221; theme_builder_area=&#8221;post_content&#8221;][\/et_pb_fullwidth_header][\/et_pb_section][et_pb_section fb_built=&#8221;1&#8243; _builder_version=&#8221;4.27.4&#8243; _module_preset=&#8221;default&#8221; global_colors_info=&#8221;{}&#8221; theme_builder_area=&#8221;post_content&#8221;][et_pb_row _builder_version=&#8221;4.27.4&#8243; _module_preset=&#8221;default&#8221; global_colors_info=&#8221;{}&#8221; theme_builder_area=&#8221;post_content&#8221;][et_pb_column type=&#8221;4_4&#8243; _builder_version=&#8221;4.27.4&#8243; _module_preset=&#8221;default&#8221; global_colors_info=&#8221;{}&#8221; theme_builder_area=&#8221;post_content&#8221;][et_pb_text _builder_version=&#8221;4.27.4&#8243; _module_preset=&#8221;default&#8221; text_font=&#8221;&#8211;et_global_heading_font||||||||&#8221; text_font_size=&#8221;1rem&#8221; text_orientation=&#8221;justified&#8221; global_colors_info=&#8221;{}&#8221; theme_builder_area=&#8221;post_content&#8221;]<\/p>\n<p style=\"font-weight: 400;\">&#8220;A tud\u00e1s hatalom.&#8221; H\u00edvjon, k\u00fcldj\u00f6n e-mailt vagy egyeztess\u00fcnk egy tal\u00e1lkoz\u00f3t annak \u00e9rdek\u00e9ben, hogy a k\u00fclkereskedelmi, deviza- \u00e9s v\u00e1mszab\u00e1lyoz\u00e1s ter\u00fclet\u00e9r\u0151l pontos inform\u00e1ci\u00f3kat gy\u0171jts\u00fcnk \u00f6ssze, amelyek a v\u00e1melj\u00e1r\u00e1sok gyors lebonyol\u00edt\u00e1s\u00e1hoz elengedhetetlen, a sz\u00fcks\u00e9ges dokument\u00e1ci\u00f3k id\u0151ben t\u00f6rt\u00e9n\u0151 elk\u00e9sz\u00edt\u00e9s\u00e9t biztos\u00edtj\u00e1k a hat\u00e1lyos el\u0151\u00edr\u00e1soknak megfelel\u0151en. Az \u00d6n\u00e9 a termel\u00e9s \u00e9s a kereskedelem, mi pedig az\u00e9rt vagyunk itt, hogy seg\u00edts\u00fcnk megval\u00f3s\u00edtani, amit elk\u00e9pzelt. Megl\u00e9v\u0151 \u00e9s leend\u0151 \u00fcgyfeleink sz\u00e1m\u00e1ra ezek a szolg\u00e1ltat\u00e1sok teljesen ingyenesek, mert k\u00f6z\u00f6s \u00e9rdekeink vannak \u2013 a c\u00e9l el\u00e9r\u00e9s\u00e9nek leggyorsabb \u00e9s legr\u00f6videbb m\u00f3dja.<\/p>\n<p>[\/et_pb_text][\/et_pb_column][\/et_pb_row][\/et_pb_section]<\/p>\n","protected":false},"excerpt":{"rendered":"<p>&#8220;A tud\u00e1s hatalom.&#8221; H\u00edvjon, k\u00fcldj\u00f6n e-mailt vagy egyeztess\u00fcnk egy tal\u00e1lkoz\u00f3t annak \u00e9rdek\u00e9ben, hogy a k\u00fclkereskedelmi, deviza- \u00e9s v\u00e1mszab\u00e1lyoz\u00e1s ter\u00fclet\u00e9r\u0151l pontos inform\u00e1ci\u00f3kat gy\u0171jts\u00fcnk \u00f6ssze, amelyek a v\u00e1melj\u00e1r\u00e1sok gyors lebonyol\u00edt\u00e1s\u00e1hoz elengedhetetlen, a sz\u00fcks\u00e9ges dokument\u00e1ci\u00f3k id\u0151ben t\u00f6rt\u00e9n\u0151 elk\u00e9sz\u00edt\u00e9s\u00e9t biztos\u00edtj\u00e1k a hat\u00e1lyos el\u0151\u00edr\u00e1soknak megfelel\u0151en. Az \u00d6n\u00e9 a termel\u00e9s \u00e9s a kereskedelem, mi pedig az\u00e9rt vagyunk itt, hogy seg\u00edts\u00fcnk megval\u00f3s\u00edtani, [&hellip;]<\/p>\n","protected":false},"author":1,"featured_media":0,"parent":0,"menu_order":0,"comment_status":"closed","ping_status":"closed","template":"","meta":{"_et_pb_use_builder":"on","_et_pb_old_content":"","_et_gb_content_width":"","footnotes":""},"class_list":["post-743","page","type-page","status-publish","hentry"],"_links":{"self":[{"href":"https:\/\/prologis.rs\/index.php\/wp-json\/wp\/v2\/pages\/743","targetHints":{"allow":["GET"]}}],"collection":[{"href":"https:\/\/prologis.rs\/index.php\/wp-json\/wp\/v2\/pages"}],"about":[{"href":"https:\/\/prologis.rs\/index.php\/wp-json\/wp\/v2\/types\/page"}],"author":[{"embeddable":true,"href":"https:\/\/prologis.rs\/index.php\/wp-json\/wp\/v2\/users\/1"}],"replies":[{"embeddable":true,"href":"https:\/\/prologis.rs\/index.php\/wp-json\/wp\/v2\/comments?post=743"}],"version-history":[{"count":2,"href":"https:\/\/prologis.rs\/index.php\/wp-json\/wp\/v2\/pages\/743\/revisions"}],"predecessor-version":[{"id":746,"href":"https:\/\/prologis.rs\/index.php\/wp-json\/wp\/v2\/pages\/743\/revisions\/746"}],"wp:attachment":[{"href":"https:\/\/prologis.rs\/index.php\/wp-json\/wp\/v2\/media?parent=743"}],"curies":[{"name":"wp","href":"https:\/\/api.w.org\/{rel}","templated":true}]}}