{"id":794,"date":"2025-06-25T20:21:24","date_gmt":"2025-06-25T20:21:24","guid":{"rendered":"https:\/\/prologis.rs\/?page_id=794"},"modified":"2025-06-25T20:23:25","modified_gmt":"2025-06-25T20:23:25","slug":"karrier","status":"publish","type":"page","link":"https:\/\/prologis.rs\/index.php\/hu\/karrier\/","title":{"rendered":"Karrier"},"content":{"rendered":"<p>[et_pb_section fb_built=&#8221;1&#8243; fullwidth=&#8221;on&#8221; _builder_version=&#8221;4.27.4&#8243; _module_preset=&#8221;default&#8221; global_colors_info=&#8221;{}&#8221; theme_builder_area=&#8221;post_content&#8221;][et_pb_fullwidth_header title=&#8221;Karrier&#8221; header_fullscreen=&#8221;on&#8221; content_orientation=&#8221;bottom&#8221; _builder_version=&#8221;4.27.4&#8243; _module_preset=&#8221;default&#8221; background_image=&#8221;https:\/\/prologis.rs\/wp-content\/uploads\/2025\/06\/career.png&#8221; global_colors_info=&#8221;{}&#8221; theme_builder_area=&#8221;post_content&#8221;][\/et_pb_fullwidth_header][\/et_pb_section][et_pb_section fb_built=&#8221;1&#8243; _builder_version=&#8221;4.27.4&#8243; _module_preset=&#8221;default&#8221; global_colors_info=&#8221;{}&#8221; theme_builder_area=&#8221;post_content&#8221;][et_pb_row _builder_version=&#8221;4.27.4&#8243; _module_preset=&#8221;default&#8221; global_colors_info=&#8221;{}&#8221; theme_builder_area=&#8221;post_content&#8221;][et_pb_column type=&#8221;4_4&#8243; _builder_version=&#8221;4.27.4&#8243; _module_preset=&#8221;default&#8221; global_colors_info=&#8221;{}&#8221; theme_builder_area=&#8221;post_content&#8221;][et_pb_text _builder_version=&#8221;4.27.4&#8243; _module_preset=&#8221;default&#8221; text_font_size=&#8221;1rem&#8221; text_orientation=&#8221;justified&#8221; hover_enabled=&#8221;0&#8243; global_colors_info=&#8221;{}&#8221; theme_builder_area=&#8221;post_content&#8221; sticky_enabled=&#8221;0&#8243;]<\/p>\n<p class=\"p1\">Nincs sikeres v\u00e1llalat kiv\u00e1l\u00f3 csapat n\u00e9lk\u00fcl. A PROLOGIS legnagyobb \u00e9rt\u00e9k\u00e9t munkat\u00e1rsaink jelentik. Nap mint nap azon dolgozunk, hogy szakmailag fejl\u0151dj\u00fcnk.<\/p>\n<p class=\"p1\">Ha csapatj\u00e1t\u00e9kos vagy, akinek fontos a stabil j\u00f6vedelem, az eg\u00e9szs\u00e9ges munkak\u00f6rnyezet \u00e9s a fejl\u0151d\u00e9si lehet\u0151s\u00e9g, \u00e9s k\u00e9szen \u00e1llsz arra, hogy szemben\u00e9zz a modern logisztika kih\u00edv\u00e1saival \u2013 szakmai tapasztalatt\u00f3l f\u00fcggetlen\u00fcl \u2013 a PROLOGIS csal\u00e1d a te logisztikai v\u00e1laszt\u00e1sod.<\/p>\n<p class=\"p1\">V\u00e1rjuk \u00f6n\u00e9letrajzodat a karijera@prologis.rs c\u00edmre!<\/p>\n<p>[\/et_pb_text][\/et_pb_column][\/et_pb_row][et_pb_row _builder_version=&#8221;4.27.4&#8243; _module_preset=&#8221;default&#8221; global_colors_info=&#8221;{}&#8221; theme_builder_area=&#8221;post_content&#8221;][et_pb_column type=&#8221;4_4&#8243; _builder_version=&#8221;4.27.4&#8243; _module_preset=&#8221;default&#8221; global_colors_info=&#8221;{}&#8221; theme_builder_area=&#8221;post_content&#8221;][et_pb_divider _builder_version=&#8221;4.27.4&#8243; _module_preset=&#8221;default&#8221; global_colors_info=&#8221;{}&#8221; theme_builder_area=&#8221;post_content&#8221;][\/et_pb_divider][\/et_pb_column][\/et_pb_row][et_pb_row _builder_version=&#8221;4.27.4&#8243; _module_preset=&#8221;default&#8221; global_colors_info=&#8221;{}&#8221; theme_builder_area=&#8221;post_content&#8221;][et_pb_column type=&#8221;4_4&#8243; _builder_version=&#8221;4.27.4&#8243; _module_preset=&#8221;default&#8221; global_colors_info=&#8221;{}&#8221; theme_builder_area=&#8221;post_content&#8221;][et_pb_blurb title=&#8221;Nemzetk\u00f6zi \u00e1rusz\u00e1ll\u00edt\u00e1sban teheraut\u00f3-vezet\u0151&#8221; use_icon=&#8221;on&#8221; font_icon=&#8221;&#xf0d1;||fa||900&#8243; icon_placement=&#8221;left&#8221; image_icon_width=&#8221;83px&#8221; _builder_version=&#8221;4.27.4&#8243; _module_preset=&#8221;default&#8221; image_icon_custom_margin=&#8221;-31px||||false|false&#8221; text_orientation=&#8221;justified&#8221; custom_margin=&#8221;0px||||false|false&#8221; hover_enabled=&#8221;0&#8243; global_colors_info=&#8221;{}&#8221; theme_builder_area=&#8221;post_content&#8221; sticky_enabled=&#8221;0&#8243;][\/et_pb_blurb][\/et_pb_column][\/et_pb_row][\/et_pb_section]<\/p>\n","protected":false},"excerpt":{"rendered":"<p>Nincs sikeres v\u00e1llalat kiv\u00e1l\u00f3 csapat n\u00e9lk\u00fcl. A PROLOGIS legnagyobb \u00e9rt\u00e9k\u00e9t munkat\u00e1rsaink jelentik. Nap mint nap azon dolgozunk, hogy szakmailag fejl\u0151dj\u00fcnk. Ha csapatj\u00e1t\u00e9kos vagy, akinek fontos a stabil j\u00f6vedelem, az eg\u00e9szs\u00e9ges munkak\u00f6rnyezet \u00e9s a fejl\u0151d\u00e9si lehet\u0151s\u00e9g, \u00e9s k\u00e9szen \u00e1llsz arra, hogy szemben\u00e9zz a modern logisztika kih\u00edv\u00e1saival \u2013 szakmai tapasztalatt\u00f3l f\u00fcggetlen\u00fcl \u2013 a PROLOGIS csal\u00e1d a te [&hellip;]<\/p>\n","protected":false},"author":1,"featured_media":0,"parent":0,"menu_order":0,"comment_status":"closed","ping_status":"closed","template":"","meta":{"_et_pb_use_builder":"on","_et_pb_old_content":"","_et_gb_content_width":"","footnotes":""},"class_list":["post-794","page","type-page","status-publish","hentry"],"_links":{"self":[{"href":"https:\/\/prologis.rs\/index.php\/wp-json\/wp\/v2\/pages\/794","targetHints":{"allow":["GET"]}}],"collection":[{"href":"https:\/\/prologis.rs\/index.php\/wp-json\/wp\/v2\/pages"}],"about":[{"href":"https:\/\/prologis.rs\/index.php\/wp-json\/wp\/v2\/types\/page"}],"author":[{"embeddable":true,"href":"https:\/\/prologis.rs\/index.php\/wp-json\/wp\/v2\/users\/1"}],"replies":[{"embeddable":true,"href":"https:\/\/prologis.rs\/index.php\/wp-json\/wp\/v2\/comments?post=794"}],"version-history":[{"count":2,"href":"https:\/\/prologis.rs\/index.php\/wp-json\/wp\/v2\/pages\/794\/revisions"}],"predecessor-version":[{"id":797,"href":"https:\/\/prologis.rs\/index.php\/wp-json\/wp\/v2\/pages\/794\/revisions\/797"}],"wp:attachment":[{"href":"https:\/\/prologis.rs\/index.php\/wp-json\/wp\/v2\/media?parent=794"}],"curies":[{"name":"wp","href":"https:\/\/api.w.org\/{rel}","templated":true}]}}