{"id":96,"date":"2025-03-17T13:59:55","date_gmt":"2025-03-17T13:59:55","guid":{"rendered":"https:\/\/prologis.rs\/?page_id=96"},"modified":"2025-12-29T21:59:19","modified_gmt":"2025-12-29T21:59:19","slug":"avio-transport","status":"publish","type":"page","link":"https:\/\/prologis.rs\/index.php\/avio-transport\/","title":{"rendered":"Avio Transport"},"content":{"rendered":"<p>[et_pb_section fb_built=&#8221;1&#8243; fullwidth=&#8221;on&#8221; _builder_version=&#8221;4.27.4&#8243; _module_preset=&#8221;default&#8221; global_colors_info=&#8221;{}&#8221;][et_pb_fullwidth_header title=&#8221;Avio Transport&#8221; header_fullscreen=&#8221;on&#8221; content_orientation=&#8221;bottom&#8221; _builder_version=&#8221;4.27.4&#8243; _module_preset=&#8221;default&#8221; title_text_align=&#8221;left&#8221; title_font_size=&#8221;1.7rem&#8221; title_line_height=&#8221;1.3rem&#8221; subhead_font=&#8221;|||on|||||&#8221; subhead_text_color=&#8221;gcid-cfd8b49e-25ab-4d84-bf79-2131131f494f&#8221; subhead_font_size=&#8221;2.5rem&#8221; subhead_line_height=&#8221;1.2em&#8221; background_image=&#8221;https:\/\/prologis.rs\/wp-content\/uploads\/2025\/06\/cargo-plane.png&#8221; custom_margin=&#8221;0px|||0px|false|false&#8221; custom_padding=&#8221;0px||0px|10rem|false|false&#8221; hover_enabled=&#8221;0&#8243; global_colors_info=&#8221;{%22gcid-cfd8b49e-25ab-4d84-bf79-2131131f494f%22:%91%22subhead_text_color%22%93}&#8221; sticky_enabled=&#8221;0&#8243;][\/et_pb_fullwidth_header][\/et_pb_section][et_pb_section fb_built=&#8221;1&#8243; _builder_version=&#8221;4.27.4&#8243; _module_preset=&#8221;default&#8221; global_colors_info=&#8221;{}&#8221;][et_pb_row _builder_version=&#8221;4.27.4&#8243; _module_preset=&#8221;default&#8221; global_colors_info=&#8221;{}&#8221;][et_pb_column type=&#8221;4_4&#8243; _builder_version=&#8221;4.27.4&#8243; _module_preset=&#8221;default&#8221; global_colors_info=&#8221;{}&#8221;][et_pb_text _builder_version=&#8221;4.27.4&#8243; _module_preset=&#8221;default&#8221; text_font=&#8221;&#8211;et_global_body_font||||||||&#8221; text_font_size=&#8221;1rem&#8221; text_orientation=&#8221;justified&#8221; global_colors_info=&#8221;{}&#8221;]<\/p>\n<p>Potreban Vam je najbr\u017ei vid transporta sa udaljene destinacije.Avio transport je re\u0161enje , a Vi ste na pravom mestu.Razgranata mre\u017ea agenata na aerodromima \u0161irom sveta omogu\u0107ava pravovremeno i ekspeditivno otpremanja tereta . Usluga organizacije avio transporta sadr\u017ei i usluge carinskog posredovanja, planiranje pakovanja tereta zbog specifi\u010dnosti tovarnih kapaciteta, agentske i konsalting usluge , preuzimanje i dostavu po\u0161iljaka po principu \u201edoor to door\u201c. Podrazumeva se da za Va\u0161e potrebe ,biramo prevoznika koji nam obezbe\u0111uje najkra\u0107e tranzitno vreme po najpovoljnijom ceni.Trgujte robom na bilo kojoj ta\u010dki globusa a mi \u0107emo je prevesti u rekordnom roku .<\/p>\n<p>[\/et_pb_text][\/et_pb_column][\/et_pb_row][\/et_pb_section]<\/p>\n","protected":false},"excerpt":{"rendered":"<p>Potreban Vam je najbr\u017ei vid transporta sa udaljene destinacije.Avio transport je re\u0161enje , a Vi ste na pravom mestu.Razgranata mre\u017ea agenata na aerodromima \u0161irom sveta omogu\u0107ava pravovremeno i ekspeditivno otpremanja tereta . Usluga organizacije avio transporta sadr\u017ei i usluge carinskog posredovanja, planiranje pakovanja tereta zbog specifi\u010dnosti tovarnih kapaciteta, agentske i konsalting usluge , preuzimanje i [&hellip;]<\/p>\n","protected":false},"author":1,"featured_media":0,"parent":0,"menu_order":0,"comment_status":"closed","ping_status":"closed","template":"","meta":{"_et_pb_use_builder":"on","_et_pb_old_content":"<!-- wp:divi\/placeholder \/-->","_et_gb_content_width":"","footnotes":""},"class_list":["post-96","page","type-page","status-publish","hentry"],"_links":{"self":[{"href":"https:\/\/prologis.rs\/index.php\/wp-json\/wp\/v2\/pages\/96","targetHints":{"allow":["GET"]}}],"collection":[{"href":"https:\/\/prologis.rs\/index.php\/wp-json\/wp\/v2\/pages"}],"about":[{"href":"https:\/\/prologis.rs\/index.php\/wp-json\/wp\/v2\/types\/page"}],"author":[{"embeddable":true,"href":"https:\/\/prologis.rs\/index.php\/wp-json\/wp\/v2\/users\/1"}],"replies":[{"embeddable":true,"href":"https:\/\/prologis.rs\/index.php\/wp-json\/wp\/v2\/comments?post=96"}],"version-history":[{"count":16,"href":"https:\/\/prologis.rs\/index.php\/wp-json\/wp\/v2\/pages\/96\/revisions"}],"predecessor-version":[{"id":1001,"href":"https:\/\/prologis.rs\/index.php\/wp-json\/wp\/v2\/pages\/96\/revisions\/1001"}],"wp:attachment":[{"href":"https:\/\/prologis.rs\/index.php\/wp-json\/wp\/v2\/media?parent=96"}],"curies":[{"name":"wp","href":"https:\/\/api.w.org\/{rel}","templated":true}]}}