{"id":98,"date":"2025-03-17T14:03:32","date_gmt":"2025-03-17T14:03:32","guid":{"rendered":"https:\/\/prologis.rs\/?page_id=98"},"modified":"2025-06-18T10:08:17","modified_gmt":"2025-06-18T10:08:17","slug":"consulting","status":"publish","type":"page","link":"https:\/\/prologis.rs\/index.php\/consulting\/","title":{"rendered":"Konsalting"},"content":{"rendered":"<p>[et_pb_section fb_built=&#8221;1&#8243; fullwidth=&#8221;on&#8221; _builder_version=&#8221;4.27.4&#8243; _module_preset=&#8221;default&#8221; global_colors_info=&#8221;{}&#8221;][et_pb_fullwidth_header title=&#8221;Konsalting&#8221; header_fullscreen=&#8221;on&#8221; header_scroll_down=&#8221;on&#8221; scroll_down_icon=&#8221;%%3%%&#8221; background_overlay_color=&#8221;RGBA(255,255,255,0)&#8221; content_orientation=&#8221;bottom&#8221; _builder_version=&#8221;4.27.4&#8243; _module_preset=&#8221;default&#8221; title_font_size=&#8221;1.5rem&#8221; title_line_height=&#8221;2.2em&#8221; subhead_font=&#8221;|||on|||||&#8221; subhead_text_color=&#8221;gcid-cfd8b49e-25ab-4d84-bf79-2131131f494f&#8221; subhead_font_size=&#8221;2.5rem&#8221; subhead_line_height=&#8221;1.2em&#8221; background_image=&#8221;https:\/\/prologis.rs\/wp-content\/uploads\/2025\/06\/consulting.png&#8221; global_colors_info=&#8221;{%22gcid-cfd8b49e-25ab-4d84-bf79-2131131f494f%22:%91%22subhead_text_color%22%93}&#8221;][\/et_pb_fullwidth_header][\/et_pb_section][et_pb_section fb_built=&#8221;1&#8243; _builder_version=&#8221;4.27.4&#8243; _module_preset=&#8221;default&#8221; global_colors_info=&#8221;{}&#8221;][et_pb_row _builder_version=&#8221;4.27.4&#8243; _module_preset=&#8221;default&#8221; global_colors_info=&#8221;{}&#8221;][et_pb_column type=&#8221;4_4&#8243; _builder_version=&#8221;4.27.4&#8243; _module_preset=&#8221;default&#8221; global_colors_info=&#8221;{}&#8221;][et_pb_text _builder_version=&#8221;4.27.4&#8243; _module_preset=&#8221;default&#8221; text_font=&#8221;&#8211;et_global_heading_font||||||||&#8221; text_font_size=&#8221;1rem&#8221; hover_enabled=&#8221;0&#8243; global_colors_info=&#8221;{}&#8221; text_orientation=&#8221;justified&#8221; sticky_enabled=&#8221;0&#8243;]<\/p>\n<p>\u201eZnanje je mo\u0107\u201d. Pozovite, po\u0161aljite email ili zaka\u017eite <strong>sastanak<\/strong> radi prikupljanja ta\u010dnih infomacija iz oblasti spoljnotrgovinskih, deviznih i carinskih propisa koje \u0107e nam obezbediti pravovremenu pripremu dokumentacije koja je od presudnog zna\u010daja za ekspeditivno okon\u010danje carinskih postupaka u skladu sa postoje\u0107im propisima. Va\u0161e je da proizvodite i trgujete, a mi smo tu da pomognemo u realizaciji zami\u0161ljenog. Za postoje\u0107e i budu\u0107e klijente ove usluge su potpuno besplatne jer delimo zajedni\u010dke interese \u2013 najbr\u017ei i najkra\u0107i put do postizanja cilja.<\/p>\n<p>[\/et_pb_text][\/et_pb_column][\/et_pb_row][\/et_pb_section]<\/p>\n","protected":false},"excerpt":{"rendered":"<p>\u201eZnanje je mo\u0107\u201d. Pozovite, po\u0161aljite email ili zaka\u017eite sastanak radi prikupljanja ta\u010dnih infomacija iz oblasti spoljnotrgovinskih, deviznih i carinskih propisa koje \u0107e nam obezbediti pravovremenu pripremu dokumentacije koja je od presudnog zna\u010daja za ekspeditivno okon\u010danje carinskih postupaka u skladu sa postoje\u0107im propisima. Va\u0161e je da proizvodite i trgujete, a mi smo tu da pomognemo u [&hellip;]<\/p>\n","protected":false},"author":1,"featured_media":0,"parent":0,"menu_order":0,"comment_status":"closed","ping_status":"closed","template":"","meta":{"_et_pb_use_builder":"on","_et_pb_old_content":"","_et_gb_content_width":"","footnotes":""},"class_list":["post-98","page","type-page","status-publish","hentry"],"_links":{"self":[{"href":"https:\/\/prologis.rs\/index.php\/wp-json\/wp\/v2\/pages\/98","targetHints":{"allow":["GET"]}}],"collection":[{"href":"https:\/\/prologis.rs\/index.php\/wp-json\/wp\/v2\/pages"}],"about":[{"href":"https:\/\/prologis.rs\/index.php\/wp-json\/wp\/v2\/types\/page"}],"author":[{"embeddable":true,"href":"https:\/\/prologis.rs\/index.php\/wp-json\/wp\/v2\/users\/1"}],"replies":[{"embeddable":true,"href":"https:\/\/prologis.rs\/index.php\/wp-json\/wp\/v2\/comments?post=98"}],"version-history":[{"count":7,"href":"https:\/\/prologis.rs\/index.php\/wp-json\/wp\/v2\/pages\/98\/revisions"}],"predecessor-version":[{"id":559,"href":"https:\/\/prologis.rs\/index.php\/wp-json\/wp\/v2\/pages\/98\/revisions\/559"}],"wp:attachment":[{"href":"https:\/\/prologis.rs\/index.php\/wp-json\/wp\/v2\/media?parent=98"}],"curies":[{"name":"wp","href":"https:\/\/api.w.org\/{rel}","templated":true}]}}